
Is 33405871 a prime number?
True
Is 22585531 composite?
True
Is 22352117 prime?
False
Is 33761729 composite?
False
Is 39523199 composite?
False
Is 32209087 a composite number?
False
Is 379699 prime?
True
Is 12956809 a prime number?
True
Is 830683 prime?
False
Is 3587669 composite?
False
Is 2744491 a prime number?
True
Is 955769 a composite number?
False
Is 843631 prime?
False
Is 3598501 a prime number?
True
Is 10645753 composite?
False
Is 5443531 a prime number?
True
Is 361978259 a composite number?
False
Is 4210961 a composite number?
True
Is 15341351 prime?
True
Is 104988038 composite?
True
Is 87189463 a prime number?
False
Is 96882731 composite?
True
Is 3248123 prime?
False
Is 152954119 composite?
False
Is 3863666 a prime number?
False
Is 3981797 composite?
True
Is 5584629 composite?
True
Is 2221123 composite?
True
Is 12087007 prime?
True
Is 402973 composite?
True
Is 1418541 a prime number?
False
Is 518676181 composite?
True
Is 9060377 prime?
True
Is 45893437 a prime number?
False
Is 31714423 a prime number?
False
Is 2077667 a prime number?
True
Is 3763999 a composite number?
False
Is 294630983 composite?
True
Is 124163681 a prime number?
True
Is 86351 a prime number?
True
Is 637547761 composite?
False
Is 249559 prime?
False
Is 116635099 prime?
False
Is 230927 a prime number?
False
Is 2996907 prime?
False
Is 1789861 a composite number?
True
Is 46600657 a prime number?
False
Is 399916397 prime?
False
Is 159211631 a prime number?
False
Is 23420107 a prime number?
True
Is 2713993 a prime number?
True
Is 86292281 a composite number?
True
Is 84589 composite?
False
Is 140414123 a prime number?
False
Is 894346 a prime number?
False
Is 154849841 a composite number?
True
Is 34601537 a prime number?
True
Is 2405995 a composite number?
True
Is 40692689 composite?
False
Is 252494633 a composite number?
False
Is 2182237 composite?
True
Is 21152869 a composite number?
False
Is 120242901 prime?
False
Is 232260689 prime?
True
Is 65041343 composite?
False
Is 615761 prime?
True
Is 479194 prime?
False
Is 58703891 a composite number?
False
Is 901019 a composite number?
True
Is 96039067 composite?
False
Is 2478779 composite?
True
Is 14926853 a prime number?
False
Is 482109083 prime?
True
Is 594653 a composite number?
False
Is 65572918 a prime number?
False
Is 188518021 a prime number?
True
Is 2686063 composite?
False
Is 5380763 composite?
True
Is 8549302 a composite number?
True
Is 241235 composite?
True
Is 490423 composite?
True
Is 1098233 a prime number?
True
Is 791047 a composite number?
False
Is 962389 a prime number?
False
Is 3957437 prime?
False
Is 53018783 prime?
True
Is 376065357 composite?
True
Is 5258343 a composite number?
True
Is 2254703 composite?
True
Is 3706117 composite?
True
Is 1713631 composite?
True
Is 1455301 prime?
True
Is 1245757 composite?
True
Is 10386197 a composite number?
True
Is 35819411 a prime number?
True
Is 88811243 prime?
True
Is 427684955 a prime number?
False
Is 1312933 a prime number?
False
Is 314761 prime?
True
Is 3349859 composite?
False
Is 1195921 a prime number?
False
Is 14039447 prime?
True
Is 52522583 a composite number?
True
Is 5653237 prime?
True
Is 969707 prime?
False
Is 33097213 composite?
False
Is 367424951 composite?
False
Is 860635 prime?
False
Is 2684329 a composite number?
True
Is 24743091 a composite number?
True
Is 32799601 a composite number?
False
Is 18833303 composite?
True
Is 229230829 a composite number?
True
Is 7185991 a composite number?
True
Is 297202963 composite?
False
Is 1635551 a prime number?
True
Is 4001479 composite?
True
Is 36584131 composite?
False
Is 1004783 composite?
True
Is 711017 composite?
False
Is 3765038 prime?
False
Is 41903507 a composite number?
False
Is 514481 a prime number?
False
Is 514871 composite?
True
Is 7861309 a prime number?
True
Is 3219959 composite?
False
Is 13653337 composite?
False
Is 192860123 prime?
True
Is 15457627 composite?
True
Is 29814427 a composite number?
False
Is 424772939 prime?
True
Is 403159 composite?
False
Is 56905747 prime?
True
Is 12006661 a composite number?
False
Is 805888001 composite?
False
Is 270838247 composite?
True
Is 64038007 prime?
False
Is 7972807 composite?
True
Is 135483853 a prime number?
False
Is 8470577 a composite number?
True
Is 488121497 composite?
False
Is 7791011 a composite number?
True
Is 642540331 composite?
False
Is 56755 a prime number?
False
Is 162840633 prime?
False
Is 128697 composite?
True
Is 1430834 a composite number?
True
Is 670961 prime?
False
Is 3667777 a prime number?
False
Is 186769 a composite number?
True
Is 18764113 a prime number?
False
Is 45352043 a composite number?
True
Is 65802097 a composite number?
True
Is 47513651 a prime number?
True
Is 15886963 composite?
False
Is 3588047 composite?
True
Is 12511429 composite?
True
Is 273739159 composite?
False
Is 18648547 prime?
False
Is 7681891 a prime number?
False
Is 83236759 prime?
True
Is 985883 a composite number?
True
Is 560543 a composite number?
False
Is 338268703 a composite number?
True
Is 35009453 a composite number?
False
Is 3421499 a composite number?
False
Is 32625469 prime?
True
Is 98730763 a composite number?
True
Is 6601073 prime?
False
Is 244206517 composite?
False
Is 496163 a prime number?
True
Is 35250935 a composite number?
True
Is 120095051 composite?
True
Is 34553137 a composite number?
True
Is 98625937 prime?
True
Is 39276177 a composite number?
True
Is 24894421 prime?
False
Is 398479 a prime number?
False
Is 48247729 a composite number?
False
Is 44213919 prime?
False
Is 12410077 prime?
False
Is 12925489 a prime number?
False
Is 1965763 a composite number?
True
Is 1457377 composite?
True
Is 3247399 composite?
False
Is 21151967 a prime number?
False
Is 159294977 composite?
False
Is 2505619 a composite number?
True
Is 41882369 composite?
True
Is 5454377 a composite number?
False
Is 9300743 a prime number?
False
Is 33287359 a prime number?
False
Is 127628437 a prime number?
True
Is 11874515 a prime number?
False
Is 28801537 composite?
True
Is 14055127 prime?
False
Is 50049113 a composite number?
False
Is 326097943 a composite number?
True
Is 331137403 composite?
False
Is 1613981 composite?
False
Is 1898629 a composite number?
False
Is 270154257 a composite number?
True
Is 199757983 composite?
False
Is 630559 composite?
False
Is 23962823 composite?
False
Is 40156267 composite?
True
Is 10818421 composite?
True
Is 13442269 a prime number?
True
Is 1526045 a prime number?
False
Is 5138517 composite?
True
Is 55503743 a composite number?
True
Is 1803257 a composite number?
True
Is 3247973 prime?
True
Is 45770321 prime?
True
Is 15363841 a composite number?
True
Is 322980131 composite?
False
Is 1075137337 a prime number?
True
Is 432541 a composite number?
True
Is 4750201 prime?
False
Is 1939559 prime?
True
Is 2689097 a prime number?
False
Is 9431953 a composite number?
True
Is 10478123 prime?
False
Is 4413161 a composite number?
False
Is 45905707 a composite number?
False
Is 29415929 composite?
True
Is 1080631 prime?
False
Is 3471159 a prime number?
False
Is 8272661 a prime number?
True
Is 1552405 prime?
False
Is 446761 a prime number?
False
Is 330091807 composite?
True
Is 4244609 composite?
False
Is 446361769 a prime number?
False
Is 7306729 a composite number?
False
Is 71165459 a prime number?
True
Is 4927607 a composite number?
False
Is 101754659 a prime number?
True
Is 269083 a composite number?
True
Is 365918243 a composite number?
True
Is 13125383 a composite number?
False
Is 9531757 composite?
False
Is 232628069 a composite number?
True
Is 9958841 a prime number?
True
Is 34593445 a prime number?
False
Is 123479599 a prime number?
False
Is 165193 a prime number?
False
Is 4779067 composite?
False
Is 436861 prime?
False
Is 6797881 a prime number?
False
Is 3879301 a prime number?
False
Is 985541 a composite number?
True
Is 2419 composite?
True
Is 155250101 prime?
False
Is 42088909 composite?
True
Is 2412791 composite?
True
Is 1880687 prime?
False
Is 1253947 composite?
False
Is 785914 prime?
False
Is 5301601 composite?
False
Is 4442303 a composite number?
False
Is 34928329 a prime number?
False
Is 20026991 a prime number?
True
Is 3039391 prime?
False
Is 506873567 composite?
True
Is 221198491 a prime number?
False
Is 33198866 composite?
True
Is 28